{"id":545,"date":"2016-04-27T14:38:45","date_gmt":"2016-04-27T14:38:45","guid":{"rendered":"http:\/\/www.artreade.dk\/?page_id=545"},"modified":"2018-02-11T17:16:28","modified_gmt":"2018-02-11T17:16:28","slug":"clearing-1-2","status":"publish","type":"page","link":"https:\/\/www.artreade.dk\/?page_id=545","title":{"rendered":"Clearing Basic"},"content":{"rendered":"<p><strong><span style=\"font-family: 'trebuchet ms', geneva, sans-serif; color: #11b3eb;\">Hjerteakademiet er v\u00e6rt for Art Reades n\u00e6ste kursus i Danmark.<\/span><\/strong><\/p>\n<p><span style=\"font-family: 'trebuchet ms', geneva, sans-serif;\">Clearing Basic tr\u00e6ningen er et oplevelses baseret kursus. Der veksles mellem undervisning og \u00f8velser, p\u00e5 en s\u00e5dan m\u00e5de, at det du l\u00e6rer, ikke blot bliver til viden, men til decideret erfaring og en integreret del af dig.<\/span><\/p>\n<p><span style=\"font-family: 'trebuchet ms', geneva, sans-serif;\">Art bygger sit kursus p\u00e5 et bredt fundament indenfor personlig udvikling, men med et grundprincip om at v\u00e6lge fra k\u00e6rlighed (og ikke fra frygt). Arts viden og erfaring er s\u00e5 grundl\u00e6ggende og dyb, at det giver kurset en helt s\u00e6rlig tyngde. Han kombinerer indiansk intuition med kendskabet til den menneskelige selvhelbredende kraft p\u00e5 en moderne og klar m\u00e5de<\/span><\/p>\n<p><span style=\"font-family: 'trebuchet ms', geneva, sans-serif;\">P\u00e5 kurset gennemg\u00e5r du dit livs historier p\u00e5 forskellig vis og foretager bevidste korrektioner, som vil f\u00f8re dig tilbage til selvrespekt og ansvar for din egen eksistens.<\/span><\/p>\n<p><span style=\"font-family: 'trebuchet ms', geneva, sans-serif;\">Tidligere deltagere fort\u00e6ller at kurset har l\u00e6rt dem:<\/span><\/p>\n<ul>\n<li><span style=\"font-family: 'trebuchet ms', geneva, sans-serif;\">At tage ansvar for sine egne oplevelser.<\/span><\/li>\n<li><span style=\"font-family: 'trebuchet ms', geneva, sans-serif;\">At f\u00e5 ryddet op i fortiden &#8211; give slip p\u00e5 gamle m\u00f8nstre.<\/span><\/li>\n<li><span style=\"font-family: 'trebuchet ms', geneva, sans-serif;\">At kunne skabe og vedligeholde sunde og givende relationer.<\/span><\/li>\n<li><span style=\"font-family: 'trebuchet ms', geneva, sans-serif;\">At f\u00e5 fokus over p\u00e5 at bidrage til verden.<\/span><\/li>\n<li><span style=\"font-family: 'trebuchet ms', geneva, sans-serif;\">At f\u00e5 v\u00e6rkt\u00f8jer til fortsat l\u00e6ring af alle de sm\u00e5 ting i hverdagen.<\/span><\/li>\n<\/ul>\n<p><span style=\"font-family: 'trebuchet ms', geneva, sans-serif;\">P\u00e5 Arts kurser l\u00e6rer du klare og praktiske v\u00e6rkt\u00f8jer til at hj\u00e6lpe med at opbygge mere fysisk, f\u00f8lelsesm\u00e6ssig, mental og \u00e5ndelig sundhed.<\/span><\/p>\n<hr \/>\n<p><span style=\"font-family: 'trebuchet ms', geneva, sans-serif;\"><i>\u201dHvis du gik p\u00e5 selvudviklings kurser i 80\u2019erne har du sikkert m\u00f8dt <a href=\"http:\/\/www.artreade.dk\/?page_id=19\">Art Reade<\/a> og hans ber\u00f8mte Clearing kurser som vi alle tog med stor begejstring. Personligt blev det starten p\u00e5 min rejse i personlig udvikling og satte s\u00e5 mange personlige ting p\u00e5 plads for mig, som stadig er lyslevende i mit liv. Selvom Art er en \u00e6ldre herre nu er han \u201dstill going strong\u201d og det er med stor gl\u00e6de at vi her kan tilbyde dig endnu et Clearing Basic kursus i Danmark til sommer. <\/i><\/span><\/p>\n<p><span style=\"font-family: 'trebuchet ms', geneva, sans-serif;\"><i>Jeg kan varmt anbefale dig denne mands visdom hvad enten du er ny eller du er genganger \u2013 jeg gl\u00e6der mig meget.&#8221;<\/i><\/span><\/p>\n<p style=\"text-align: right;\"><span style=\"font-family: 'trebuchet ms', geneva, sans-serif;\"><i>Charlotte Fruergaard, Hjerteakademiet.<\/i><\/span><\/p>\n<hr \/>\n<div>\n<h1><strong><span style=\"font-family: trebuchet ms,geneva; font-size: 12pt;\"><span style=\"color: #11b3eb;\">1. &#8211; 3. juni 2018<\/span><\/span><\/strong><\/h1>\n<p><span style=\"font-family: trebuchet ms,geneva; font-size: 12pt;\"><span style=\"color: #11b3eb;\"><strong>PRIS<\/strong><br \/>\n<\/span>Kurset koster:<strong>\u00a03.000 kr.<\/strong><br \/>\n<\/span><\/p>\n<p><span style=\"color: #11b3eb; font-family: 'trebuchet ms', geneva, sans-serif; font-size: 12pt;\"><strong>BEM\u00c6RK<\/strong><\/span><span style=\"font-family: 'trebuchet ms', geneva; font-size: 12pt; color: #11b3eb;\"><br \/>\n<span style=\"color: #000000;\">Der er begr\u00e6nsede pladser.<\/span><\/span><\/p>\n<\/div>\n<p style=\"text-align: center;\">\n","protected":false},"excerpt":{"rendered":"<p>Hjerteakademiet er v\u00e6rt for Art Reades n\u00e6ste kursus i Danmark. Clearing Basic tr\u00e6ningen er et oplevelses baseret kursus. Der veksles mellem undervisning og \u00f8velser, p\u00e5 en s\u00e5dan m\u00e5de, at det du l\u00e6rer, ikke blot bliver til viden, men til decideret &hellip; <a href=\"https:\/\/www.artreade.dk\/?page_id=545\">L\u00e6s resten <span class=\"meta-nav\">&rarr;<\/span><\/a><\/p>\n","protected":false},"author":1,"featured_media":0,"parent":0,"menu_order":0,"comment_status":"closed","ping_status":"closed","template":"onecolumn-page.php","meta":{"footnotes":""},"class_list":["post-545","page","type-page","status-publish","hentry"],"_links":{"self":[{"href":"https:\/\/www.artreade.dk\/index.php?rest_route=\/wp\/v2\/pages\/545"}],"collection":[{"href":"https:\/\/www.artreade.dk\/index.php?rest_route=\/wp\/v2\/pages"}],"about":[{"href":"https:\/\/www.artreade.dk\/index.php?rest_route=\/wp\/v2\/types\/page"}],"author":[{"embeddable":true,"href":"https:\/\/www.artreade.dk\/index.php?rest_route=\/wp\/v2\/users\/1"}],"replies":[{"embeddable":true,"href":"https:\/\/www.artreade.dk\/index.php?rest_route=%2Fwp%2Fv2%2Fcomments&post=545"}],"version-history":[{"count":19,"href":"https:\/\/www.artreade.dk\/index.php?rest_route=\/wp\/v2\/pages\/545\/revisions"}],"predecessor-version":[{"id":744,"href":"https:\/\/www.artreade.dk\/index.php?rest_route=\/wp\/v2\/pages\/545\/revisions\/744"}],"wp:attachment":[{"href":"https:\/\/www.artreade.dk\/index.php?rest_route=%2Fwp%2Fv2%2Fmedia&parent=545"}],"curies":[{"name":"wp","href":"https:\/\/api.w.org\/{rel}","templated":true}]}}